{"id":109,"date":"2024-03-29T19:00:43","date_gmt":"2024-03-29T18:00:43","guid":{"rendered":"https:\/\/lesptitesbricolesdesophos.fr\/?page_id=109"},"modified":"2024-11-02T10:11:56","modified_gmt":"2024-11-02T09:11:56","slug":"les-ensembles-deja-realises","status":"publish","type":"page","link":"https:\/\/lesptitesbricolesdesophos.fr\/index.php\/mes-fabrications\/les-ensembles-deja-realises\/","title":{"rendered":"Les ensembles d\u00e9j\u00e0 r\u00e9alis\u00e9s"},"content":{"rendered":"\n<p class=\"has-pale-ocean-gradient-background has-background\">Vous trouverez ici tous les ensembles, r\u00e9alis\u00e9s pour des petits bouts d&rsquo;choux. Au gr\u00e9 des demandes, des envies, toujours en cadeau appr\u00e9ci\u00e9 !<\/p>\n\n\n\n<figure class=\"wp-block-gallery has-nested-images columns-default is-cropped wp-block-gallery-1 is-layout-flex wp-block-gallery-is-layout-flex\">\n<figure class=\"wp-block-image size-large\"><img data-recalc-dims=\"1\" loading=\"lazy\" decoding=\"async\" width=\"810\" height=\"476\" data-id=\"730\" src=\"https:\/\/i0.wp.com\/lesptitesbricolesdesophos.fr\/wp-content\/uploads\/2024\/11\/2024-Novembre-ensemble-pour-Aurele-9.jpg?resize=810%2C476&#038;ssl=1\" alt=\"\" class=\"wp-image-730\" srcset=\"https:\/\/i0.wp.com\/lesptitesbricolesdesophos.fr\/wp-content\/uploads\/2024\/11\/2024-Novembre-ensemble-pour-Aurele-9.jpg?w=810&amp;ssl=1 810w, https:\/\/i0.wp.com\/lesptitesbricolesdesophos.fr\/wp-content\/uploads\/2024\/11\/2024-Novembre-ensemble-pour-Aurele-9.jpg?resize=300%2C176&amp;ssl=1 300w, https:\/\/i0.wp.com\/lesptitesbricolesdesophos.fr\/wp-content\/uploads\/2024\/11\/2024-Novembre-ensemble-pour-Aurele-9.jpg?resize=768%2C451&amp;ssl=1 768w, https:\/\/i0.wp.com\/lesptitesbricolesdesophos.fr\/wp-content\/uploads\/2024\/11\/2024-Novembre-ensemble-pour-Aurele-9.jpg?resize=102%2C60&amp;ssl=1 102w\" sizes=\"auto, (max-width: 810px) 100vw, 810px\" \/><figcaption class=\"wp-element-caption\">Ensemble pour Aur\u00e8le<\/figcaption><\/figure>\n\n\n\n<figure class=\"wp-block-image size-large\"><img data-recalc-dims=\"1\" loading=\"lazy\" decoding=\"async\" width=\"425\" height=\"479\" data-id=\"731\" src=\"https:\/\/i0.wp.com\/lesptitesbricolesdesophos.fr\/wp-content\/uploads\/2024\/11\/2024-Novembre-ensemble-pour-Aurele-6.jpg?resize=425%2C479&#038;ssl=1\" alt=\"\" class=\"wp-image-731\" srcset=\"https:\/\/i0.wp.com\/lesptitesbricolesdesophos.fr\/wp-content\/uploads\/2024\/11\/2024-Novembre-ensemble-pour-Aurele-6.jpg?w=425&amp;ssl=1 425w, https:\/\/i0.wp.com\/lesptitesbricolesdesophos.fr\/wp-content\/uploads\/2024\/11\/2024-Novembre-ensemble-pour-Aurele-6.jpg?resize=266%2C300&amp;ssl=1 266w, https:\/\/i0.wp.com\/lesptitesbricolesdesophos.fr\/wp-content\/uploads\/2024\/11\/2024-Novembre-ensemble-pour-Aurele-6.jpg?resize=53%2C60&amp;ssl=1 53w\" sizes=\"auto, (max-width: 425px) 100vw, 425px\" \/><figcaption class=\"wp-element-caption\">Tableau de naissance pour Aur\u00e8le<\/figcaption><\/figure>\n\n\n\n<figure class=\"wp-block-image size-large\"><img data-recalc-dims=\"1\" loading=\"lazy\" decoding=\"async\" width=\"716\" height=\"541\" data-id=\"629\" src=\"https:\/\/i0.wp.com\/lesptitesbricolesdesophos.fr\/wp-content\/uploads\/2024\/09\/2024-Aout-Ensemble-pour-Ilyana-09.png?resize=716%2C541&#038;ssl=1\" alt=\"Ensemble pour l'arriv\u00e9e de la fille de Jordan\" class=\"wp-image-629\" srcset=\"https:\/\/i0.wp.com\/lesptitesbricolesdesophos.fr\/wp-content\/uploads\/2024\/09\/2024-Aout-Ensemble-pour-Ilyana-09.png?w=716&amp;ssl=1 716w, https:\/\/i0.wp.com\/lesptitesbricolesdesophos.fr\/wp-content\/uploads\/2024\/09\/2024-Aout-Ensemble-pour-Ilyana-09.png?resize=300%2C227&amp;ssl=1 300w, https:\/\/i0.wp.com\/lesptitesbricolesdesophos.fr\/wp-content\/uploads\/2024\/09\/2024-Aout-Ensemble-pour-Ilyana-09.png?resize=79%2C60&amp;ssl=1 79w\" sizes=\"auto, (max-width: 716px) 100vw, 716px\" \/><figcaption class=\"wp-element-caption\">2024 &#8211; cadeau offert pour Ilyana, la fille de Jordan (et son fiston)<\/figcaption><\/figure>\n\n\n\n<figure class=\"wp-block-image size-large\"><img data-recalc-dims=\"1\" loading=\"lazy\" decoding=\"async\" width=\"1020\" height=\"763\" data-id=\"519\" src=\"https:\/\/i0.wp.com\/lesptitesbricolesdesophos.fr\/wp-content\/uploads\/2024\/04\/IMG_20240226_195332-1-1024x766.jpg?resize=1020%2C763&#038;ssl=1\" alt=\"\" class=\"wp-image-519\" srcset=\"https:\/\/i0.wp.com\/lesptitesbricolesdesophos.fr\/wp-content\/uploads\/2024\/04\/IMG_20240226_195332-1-scaled.jpg?resize=1024%2C766&amp;ssl=1 1024w, https:\/\/i0.wp.com\/lesptitesbricolesdesophos.fr\/wp-content\/uploads\/2024\/04\/IMG_20240226_195332-1-scaled.jpg?resize=300%2C224&amp;ssl=1 300w, https:\/\/i0.wp.com\/lesptitesbricolesdesophos.fr\/wp-content\/uploads\/2024\/04\/IMG_20240226_195332-1-scaled.jpg?resize=768%2C575&amp;ssl=1 768w, https:\/\/i0.wp.com\/lesptitesbricolesdesophos.fr\/wp-content\/uploads\/2024\/04\/IMG_20240226_195332-1-scaled.jpg?resize=1536%2C1149&amp;ssl=1 1536w, https:\/\/i0.wp.com\/lesptitesbricolesdesophos.fr\/wp-content\/uploads\/2024\/04\/IMG_20240226_195332-1-scaled.jpg?resize=2048%2C1532&amp;ssl=1 2048w, https:\/\/i0.wp.com\/lesptitesbricolesdesophos.fr\/wp-content\/uploads\/2024\/04\/IMG_20240226_195332-1-scaled.jpg?resize=80%2C60&amp;ssl=1 80w\" sizes=\"auto, (max-width: 1020px) 100vw, 1020px\" \/><figcaption class=\"wp-element-caption\">2024 &#8211; pour b\u00e9b\u00e9 Julia<\/figcaption><\/figure>\n<\/figure>\n\n\n\n<figure class=\"wp-block-image size-large\"><img data-recalc-dims=\"1\" loading=\"lazy\" decoding=\"async\" width=\"1020\" height=\"763\" src=\"https:\/\/i0.wp.com\/lesptitesbricolesdesophos.fr\/wp-content\/uploads\/2024\/04\/IMG_20240226_195245-1-1024x766.jpg?resize=1020%2C763&#038;ssl=1\" alt=\"\" class=\"wp-image-520\" srcset=\"https:\/\/i0.wp.com\/lesptitesbricolesdesophos.fr\/wp-content\/uploads\/2024\/04\/IMG_20240226_195245-1-scaled.jpg?resize=1024%2C766&amp;ssl=1 1024w, https:\/\/i0.wp.com\/lesptitesbricolesdesophos.fr\/wp-content\/uploads\/2024\/04\/IMG_20240226_195245-1-scaled.jpg?resize=300%2C224&amp;ssl=1 300w, https:\/\/i0.wp.com\/lesptitesbricolesdesophos.fr\/wp-content\/uploads\/2024\/04\/IMG_20240226_195245-1-scaled.jpg?resize=768%2C575&amp;ssl=1 768w, https:\/\/i0.wp.com\/lesptitesbricolesdesophos.fr\/wp-content\/uploads\/2024\/04\/IMG_20240226_195245-1-scaled.jpg?resize=1536%2C1149&amp;ssl=1 1536w, https:\/\/i0.wp.com\/lesptitesbricolesdesophos.fr\/wp-content\/uploads\/2024\/04\/IMG_20240226_195245-1-scaled.jpg?resize=2048%2C1532&amp;ssl=1 2048w, https:\/\/i0.wp.com\/lesptitesbricolesdesophos.fr\/wp-content\/uploads\/2024\/04\/IMG_20240226_195245-1-scaled.jpg?resize=80%2C60&amp;ssl=1 80w\" sizes=\"auto, (max-width: 1020px) 100vw, 1020px\" \/><figcaption class=\"wp-element-caption\">2024 &#8211; pour b\u00e9b\u00e9 Julia<\/figcaption><\/figure>\n\n\n\n<figure class=\"wp-block-image size-large\"><img data-recalc-dims=\"1\" loading=\"lazy\" decoding=\"async\" width=\"320\" height=\"240\" src=\"https:\/\/i0.wp.com\/lesptitesbricolesdesophos.fr\/wp-content\/uploads\/2024\/04\/20282-rotated.jpg?resize=320%2C240&#038;ssl=1\" alt=\"\" class=\"wp-image-304\" srcset=\"https:\/\/i0.wp.com\/lesptitesbricolesdesophos.fr\/wp-content\/uploads\/2024\/04\/20282-rotated.jpg?w=320&amp;ssl=1 320w, https:\/\/i0.wp.com\/lesptitesbricolesdesophos.fr\/wp-content\/uploads\/2024\/04\/20282-rotated.jpg?resize=300%2C225&amp;ssl=1 300w\" sizes=\"auto, (max-width: 320px) 100vw, 320px\" \/><figcaption class=\"wp-element-caption\">2024 &#8211; ensemble bavoir, lingettes + sac de lavage<\/figcaption><\/figure>\n\n\n\n<figure class=\"wp-block-image size-large\"><img data-recalc-dims=\"1\" loading=\"lazy\" decoding=\"async\" width=\"1020\" height=\"763\" src=\"https:\/\/i0.wp.com\/lesptitesbricolesdesophos.fr\/wp-content\/uploads\/2024\/04\/IMG_20240210_193206-1-1024x766.jpg?resize=1020%2C763&#038;ssl=1\" alt=\"\" class=\"wp-image-523\" srcset=\"https:\/\/i0.wp.com\/lesptitesbricolesdesophos.fr\/wp-content\/uploads\/2024\/04\/IMG_20240210_193206-1-scaled.jpg?resize=1024%2C766&amp;ssl=1 1024w, https:\/\/i0.wp.com\/lesptitesbricolesdesophos.fr\/wp-content\/uploads\/2024\/04\/IMG_20240210_193206-1-scaled.jpg?resize=300%2C224&amp;ssl=1 300w, https:\/\/i0.wp.com\/lesptitesbricolesdesophos.fr\/wp-content\/uploads\/2024\/04\/IMG_20240210_193206-1-scaled.jpg?resize=768%2C575&amp;ssl=1 768w, https:\/\/i0.wp.com\/lesptitesbricolesdesophos.fr\/wp-content\/uploads\/2024\/04\/IMG_20240210_193206-1-scaled.jpg?resize=1536%2C1149&amp;ssl=1 1536w, https:\/\/i0.wp.com\/lesptitesbricolesdesophos.fr\/wp-content\/uploads\/2024\/04\/IMG_20240210_193206-1-scaled.jpg?resize=2048%2C1532&amp;ssl=1 2048w, https:\/\/i0.wp.com\/lesptitesbricolesdesophos.fr\/wp-content\/uploads\/2024\/04\/IMG_20240210_193206-1-scaled.jpg?resize=80%2C60&amp;ssl=1 80w\" sizes=\"auto, (max-width: 1020px) 100vw, 1020px\" \/><figcaption class=\"wp-element-caption\">2024 &#8211; pour b\u00e9b\u00e9 Jeanne<\/figcaption><\/figure>\n\n\n\n<figure class=\"wp-block-image size-large\"><img data-recalc-dims=\"1\" loading=\"lazy\" decoding=\"async\" width=\"1020\" height=\"763\" src=\"https:\/\/i0.wp.com\/lesptitesbricolesdesophos.fr\/wp-content\/uploads\/2024\/04\/IMG_20240210_193332-1-1024x766.jpg?resize=1020%2C763&#038;ssl=1\" alt=\"\" class=\"wp-image-522\" srcset=\"https:\/\/i0.wp.com\/lesptitesbricolesdesophos.fr\/wp-content\/uploads\/2024\/04\/IMG_20240210_193332-1-scaled.jpg?resize=1024%2C766&amp;ssl=1 1024w, https:\/\/i0.wp.com\/lesptitesbricolesdesophos.fr\/wp-content\/uploads\/2024\/04\/IMG_20240210_193332-1-scaled.jpg?resize=300%2C224&amp;ssl=1 300w, https:\/\/i0.wp.com\/lesptitesbricolesdesophos.fr\/wp-content\/uploads\/2024\/04\/IMG_20240210_193332-1-scaled.jpg?resize=768%2C575&amp;ssl=1 768w, https:\/\/i0.wp.com\/lesptitesbricolesdesophos.fr\/wp-content\/uploads\/2024\/04\/IMG_20240210_193332-1-scaled.jpg?resize=1536%2C1149&amp;ssl=1 1536w, https:\/\/i0.wp.com\/lesptitesbricolesdesophos.fr\/wp-content\/uploads\/2024\/04\/IMG_20240210_193332-1-scaled.jpg?resize=2048%2C1532&amp;ssl=1 2048w, https:\/\/i0.wp.com\/lesptitesbricolesdesophos.fr\/wp-content\/uploads\/2024\/04\/IMG_20240210_193332-1-scaled.jpg?resize=80%2C60&amp;ssl=1 80w\" sizes=\"auto, (max-width: 1020px) 100vw, 1020px\" \/><figcaption class=\"wp-element-caption\">2024 &#8211; pour b\u00e9b\u00e9 Jeanne<\/figcaption><\/figure>\n\n\n\n<figure class=\"wp-block-image size-large\"><img data-recalc-dims=\"1\" loading=\"lazy\" decoding=\"async\" width=\"1020\" height=\"763\" src=\"https:\/\/i0.wp.com\/lesptitesbricolesdesophos.fr\/wp-content\/uploads\/2024\/04\/IMG_20240210_193338-1-1024x766.jpg?resize=1020%2C763&#038;ssl=1\" alt=\"\" class=\"wp-image-521\" srcset=\"https:\/\/i0.wp.com\/lesptitesbricolesdesophos.fr\/wp-content\/uploads\/2024\/04\/IMG_20240210_193338-1-scaled.jpg?resize=1024%2C766&amp;ssl=1 1024w, https:\/\/i0.wp.com\/lesptitesbricolesdesophos.fr\/wp-content\/uploads\/2024\/04\/IMG_20240210_193338-1-scaled.jpg?resize=300%2C224&amp;ssl=1 300w, https:\/\/i0.wp.com\/lesptitesbricolesdesophos.fr\/wp-content\/uploads\/2024\/04\/IMG_20240210_193338-1-scaled.jpg?resize=768%2C575&amp;ssl=1 768w, https:\/\/i0.wp.com\/lesptitesbricolesdesophos.fr\/wp-content\/uploads\/2024\/04\/IMG_20240210_193338-1-scaled.jpg?resize=1536%2C1149&amp;ssl=1 1536w, https:\/\/i0.wp.com\/lesptitesbricolesdesophos.fr\/wp-content\/uploads\/2024\/04\/IMG_20240210_193338-1-scaled.jpg?resize=2048%2C1532&amp;ssl=1 2048w, https:\/\/i0.wp.com\/lesptitesbricolesdesophos.fr\/wp-content\/uploads\/2024\/04\/IMG_20240210_193338-1-scaled.jpg?resize=80%2C60&amp;ssl=1 80w\" sizes=\"auto, (max-width: 1020px) 100vw, 1020px\" \/><figcaption class=\"wp-element-caption\">2024 &#8211; pour b\u00e9b\u00e9 Jeanne et sa grand s\u0153ur Elisabeth<\/figcaption><\/figure>\n\n\n\n<figure class=\"wp-block-image size-large\"><img data-recalc-dims=\"1\" loading=\"lazy\" decoding=\"async\" width=\"1020\" height=\"765\" src=\"https:\/\/i0.wp.com\/lesptitesbricolesdesophos.fr\/wp-content\/uploads\/2024\/04\/DSCN8906-1024x768.jpg?resize=1020%2C765&#038;ssl=1\" alt=\"\" class=\"wp-image-573\" srcset=\"https:\/\/i0.wp.com\/lesptitesbricolesdesophos.fr\/wp-content\/uploads\/2024\/04\/DSCN8906-scaled.jpg?resize=1024%2C768&amp;ssl=1 1024w, https:\/\/i0.wp.com\/lesptitesbricolesdesophos.fr\/wp-content\/uploads\/2024\/04\/DSCN8906-scaled.jpg?resize=300%2C225&amp;ssl=1 300w, https:\/\/i0.wp.com\/lesptitesbricolesdesophos.fr\/wp-content\/uploads\/2024\/04\/DSCN8906-scaled.jpg?resize=768%2C576&amp;ssl=1 768w, https:\/\/i0.wp.com\/lesptitesbricolesdesophos.fr\/wp-content\/uploads\/2024\/04\/DSCN8906-scaled.jpg?resize=1536%2C1152&amp;ssl=1 1536w, https:\/\/i0.wp.com\/lesptitesbricolesdesophos.fr\/wp-content\/uploads\/2024\/04\/DSCN8906-scaled.jpg?resize=2048%2C1536&amp;ssl=1 2048w, https:\/\/i0.wp.com\/lesptitesbricolesdesophos.fr\/wp-content\/uploads\/2024\/04\/DSCN8906-scaled.jpg?resize=80%2C60&amp;ssl=1 80w\" sizes=\"auto, (max-width: 1020px) 100vw, 1020px\" \/><\/figure>\n\n\n\n<figure class=\"wp-block-image size-large\"><img data-recalc-dims=\"1\" loading=\"lazy\" decoding=\"async\" width=\"1020\" height=\"765\" src=\"https:\/\/i0.wp.com\/lesptitesbricolesdesophos.fr\/wp-content\/uploads\/2024\/04\/DSCN8907-1024x768.jpg?resize=1020%2C765&#038;ssl=1\" alt=\"\" class=\"wp-image-572\" srcset=\"https:\/\/i0.wp.com\/lesptitesbricolesdesophos.fr\/wp-content\/uploads\/2024\/04\/DSCN8907-scaled.jpg?resize=1024%2C768&amp;ssl=1 1024w, https:\/\/i0.wp.com\/lesptitesbricolesdesophos.fr\/wp-content\/uploads\/2024\/04\/DSCN8907-scaled.jpg?resize=300%2C225&amp;ssl=1 300w, https:\/\/i0.wp.com\/lesptitesbricolesdesophos.fr\/wp-content\/uploads\/2024\/04\/DSCN8907-scaled.jpg?resize=768%2C576&amp;ssl=1 768w, https:\/\/i0.wp.com\/lesptitesbricolesdesophos.fr\/wp-content\/uploads\/2024\/04\/DSCN8907-scaled.jpg?resize=1536%2C1152&amp;ssl=1 1536w, https:\/\/i0.wp.com\/lesptitesbricolesdesophos.fr\/wp-content\/uploads\/2024\/04\/DSCN8907-scaled.jpg?resize=2048%2C1536&amp;ssl=1 2048w\" sizes=\"auto, (max-width: 1020px) 100vw, 1020px\" \/><figcaption class=\"wp-element-caption\">2021 &#8211; ensemble fait pour la naissance de Yasiris<\/figcaption><\/figure>\n\n\n\n<figure class=\"wp-block-image size-large\"><img data-recalc-dims=\"1\" loading=\"lazy\" decoding=\"async\" width=\"1020\" height=\"765\" src=\"https:\/\/i0.wp.com\/lesptitesbricolesdesophos.fr\/wp-content\/uploads\/2024\/03\/IMG_20201124_200704-1024x768.jpg?resize=1020%2C765&#038;ssl=1\" alt=\"\" class=\"wp-image-20\" srcset=\"https:\/\/i0.wp.com\/lesptitesbricolesdesophos.fr\/wp-content\/uploads\/2024\/03\/IMG_20201124_200704-scaled.jpg?resize=1024%2C768&amp;ssl=1 1024w, https:\/\/i0.wp.com\/lesptitesbricolesdesophos.fr\/wp-content\/uploads\/2024\/03\/IMG_20201124_200704-scaled.jpg?resize=300%2C225&amp;ssl=1 300w, https:\/\/i0.wp.com\/lesptitesbricolesdesophos.fr\/wp-content\/uploads\/2024\/03\/IMG_20201124_200704-scaled.jpg?resize=768%2C576&amp;ssl=1 768w, https:\/\/i0.wp.com\/lesptitesbricolesdesophos.fr\/wp-content\/uploads\/2024\/03\/IMG_20201124_200704-scaled.jpg?resize=1536%2C1152&amp;ssl=1 1536w, https:\/\/i0.wp.com\/lesptitesbricolesdesophos.fr\/wp-content\/uploads\/2024\/03\/IMG_20201124_200704-scaled.jpg?resize=2048%2C1536&amp;ssl=1 2048w\" sizes=\"auto, (max-width: 1020px) 100vw, 1020px\" \/><figcaption class=\"wp-element-caption\">2020 &#8211; Ensemble doudou, lingettes et sac de lavage<\/figcaption><\/figure>\n\n\n\n<figure class=\"wp-block-image size-large\"><img data-recalc-dims=\"1\" loading=\"lazy\" decoding=\"async\" width=\"1020\" height=\"765\" src=\"https:\/\/i0.wp.com\/lesptitesbricolesdesophos.fr\/wp-content\/uploads\/2024\/04\/IMG_20201124_200728-1024x768.jpg?resize=1020%2C765&#038;ssl=1\" alt=\"\" class=\"wp-image-183\" srcset=\"https:\/\/i0.wp.com\/lesptitesbricolesdesophos.fr\/wp-content\/uploads\/2024\/04\/IMG_20201124_200728-scaled.jpg?resize=1024%2C768&amp;ssl=1 1024w, https:\/\/i0.wp.com\/lesptitesbricolesdesophos.fr\/wp-content\/uploads\/2024\/04\/IMG_20201124_200728-scaled.jpg?resize=300%2C225&amp;ssl=1 300w, https:\/\/i0.wp.com\/lesptitesbricolesdesophos.fr\/wp-content\/uploads\/2024\/04\/IMG_20201124_200728-scaled.jpg?resize=768%2C576&amp;ssl=1 768w, https:\/\/i0.wp.com\/lesptitesbricolesdesophos.fr\/wp-content\/uploads\/2024\/04\/IMG_20201124_200728-scaled.jpg?resize=1536%2C1152&amp;ssl=1 1536w, https:\/\/i0.wp.com\/lesptitesbricolesdesophos.fr\/wp-content\/uploads\/2024\/04\/IMG_20201124_200728-scaled.jpg?resize=2048%2C1536&amp;ssl=1 2048w, https:\/\/i0.wp.com\/lesptitesbricolesdesophos.fr\/wp-content\/uploads\/2024\/04\/IMG_20201124_200728-scaled.jpg?resize=1140%2C855&amp;ssl=1 1140w\" sizes=\"auto, (max-width: 1020px) 100vw, 1020px\" \/><figcaption class=\"wp-element-caption\">2020 &#8211; Ensemble doudou, lingettes et sac de lavage<\/figcaption><\/figure>\n\n\n\n<figure class=\"wp-block-image size-large\"><img data-recalc-dims=\"1\" loading=\"lazy\" decoding=\"async\" width=\"1020\" height=\"765\" src=\"https:\/\/i0.wp.com\/lesptitesbricolesdesophos.fr\/wp-content\/uploads\/2024\/04\/IMG_20191207_184447.jpg?resize=1020%2C765\" alt=\"\" class=\"wp-image-306\" srcset=\"https:\/\/i0.wp.com\/lesptitesbricolesdesophos.fr\/wp-content\/uploads\/2024\/04\/IMG_20191207_184447-scaled.jpg?resize=1024%2C768&amp;ssl=1 1024w, https:\/\/i0.wp.com\/lesptitesbricolesdesophos.fr\/wp-content\/uploads\/2024\/04\/IMG_20191207_184447-scaled.jpg?resize=300%2C225&amp;ssl=1 300w, https:\/\/i0.wp.com\/lesptitesbricolesdesophos.fr\/wp-content\/uploads\/2024\/04\/IMG_20191207_184447-scaled.jpg?resize=768%2C576&amp;ssl=1 768w, https:\/\/i0.wp.com\/lesptitesbricolesdesophos.fr\/wp-content\/uploads\/2024\/04\/IMG_20191207_184447-scaled.jpg?resize=1536%2C1152&amp;ssl=1 1536w, https:\/\/i0.wp.com\/lesptitesbricolesdesophos.fr\/wp-content\/uploads\/2024\/04\/IMG_20191207_184447-scaled.jpg?resize=2048%2C1536&amp;ssl=1 2048w, https:\/\/i0.wp.com\/lesptitesbricolesdesophos.fr\/wp-content\/uploads\/2024\/04\/IMG_20191207_184447-scaled.jpg?resize=1140%2C855&amp;ssl=1 1140w\" sizes=\"auto, (max-width: 1020px) 100vw, 1020px\" \/><figcaption class=\"wp-element-caption\">2019 &#8211; ensemble de lingettes<\/figcaption><\/figure>\n\n\n\n<figure class=\"wp-block-image size-large\"><img data-recalc-dims=\"1\" loading=\"lazy\" decoding=\"async\" width=\"1020\" height=\"765\" src=\"https:\/\/i0.wp.com\/lesptitesbricolesdesophos.fr\/wp-content\/uploads\/2024\/04\/DSC02533.jpg?resize=1020%2C765\" alt=\"\" class=\"wp-image-305\" srcset=\"https:\/\/i0.wp.com\/lesptitesbricolesdesophos.fr\/wp-content\/uploads\/2024\/04\/DSC02533.jpg?resize=1024%2C768&amp;ssl=1 1024w, https:\/\/i0.wp.com\/lesptitesbricolesdesophos.fr\/wp-content\/uploads\/2024\/04\/DSC02533.jpg?resize=300%2C225&amp;ssl=1 300w, https:\/\/i0.wp.com\/lesptitesbricolesdesophos.fr\/wp-content\/uploads\/2024\/04\/DSC02533.jpg?resize=768%2C576&amp;ssl=1 768w, https:\/\/i0.wp.com\/lesptitesbricolesdesophos.fr\/wp-content\/uploads\/2024\/04\/DSC02533.jpg?resize=1536%2C1152&amp;ssl=1 1536w, https:\/\/i0.wp.com\/lesptitesbricolesdesophos.fr\/wp-content\/uploads\/2024\/04\/DSC02533.jpg?resize=1140%2C855&amp;ssl=1 1140w, https:\/\/i0.wp.com\/lesptitesbricolesdesophos.fr\/wp-content\/uploads\/2024\/04\/DSC02533.jpg?w=1632&amp;ssl=1 1632w\" sizes=\"auto, (max-width: 1020px) 100vw, 1020px\" \/><figcaption class=\"wp-element-caption\">2007 &#8211; ensemble carnet et trousse<\/figcaption><\/figure>\n","protected":false},"excerpt":{"rendered":"<p>Vous trouverez ici tous les ensembles, r\u00e9alis\u00e9s pour des petits bouts d&rsquo;choux. Au gr\u00e9 des demandes, des envies, toujours en cadeau appr\u00e9ci\u00e9 !<\/p>\n","protected":false},"author":1,"featured_media":0,"parent":163,"menu_order":2,"comment_status":"closed","ping_status":"closed","template":"","meta":{"jetpack_post_was_ever_published":false,"footnotes":""},"class_list":["post-109","page","type-page","status-publish","hentry"],"aioseo_notices":[],"jetpack_sharing_enabled":true,"_links":{"self":[{"href":"https:\/\/lesptitesbricolesdesophos.fr\/index.php\/wp-json\/wp\/v2\/pages\/109","targetHints":{"allow":["GET"]}}],"collection":[{"href":"https:\/\/lesptitesbricolesdesophos.fr\/index.php\/wp-json\/wp\/v2\/pages"}],"about":[{"href":"https:\/\/lesptitesbricolesdesophos.fr\/index.php\/wp-json\/wp\/v2\/types\/page"}],"author":[{"embeddable":true,"href":"https:\/\/lesptitesbricolesdesophos.fr\/index.php\/wp-json\/wp\/v2\/users\/1"}],"replies":[{"embeddable":true,"href":"https:\/\/lesptitesbricolesdesophos.fr\/index.php\/wp-json\/wp\/v2\/comments?post=109"}],"version-history":[{"count":8,"href":"https:\/\/lesptitesbricolesdesophos.fr\/index.php\/wp-json\/wp\/v2\/pages\/109\/revisions"}],"predecessor-version":[{"id":739,"href":"https:\/\/lesptitesbricolesdesophos.fr\/index.php\/wp-json\/wp\/v2\/pages\/109\/revisions\/739"}],"up":[{"embeddable":true,"href":"https:\/\/lesptitesbricolesdesophos.fr\/index.php\/wp-json\/wp\/v2\/pages\/163"}],"wp:attachment":[{"href":"https:\/\/lesptitesbricolesdesophos.fr\/index.php\/wp-json\/wp\/v2\/media?parent=109"}],"curies":[{"name":"wp","href":"https:\/\/api.w.org\/{rel}","templated":true}]}}